what is 311 - -304312?
310123
In base 7, what is 4344 - -1241?
5615
In base 15, what is -10 + 18425?
18415
In base 16, what is 1f + 777?
796
In base 8, what is -3 + 1016207?
1016204
In base 13, what is -b4 + -9535?
-9619
In base 8, what is 1530 + -13710?
-12160
In base 2, what is -1011111000110 - 10011?
-1011111011001
In base 8, what is 1520 - 33?
1465
In base 6, what is -10114 - -54?
-10020
In base 13, what is 97 + c74?
103b
In base 4, what is -1003003 - 112?
-1003121
In base 2, what is -1110 - 1010000100100001?
-1010000100101111
In base 3, what is -1210111200001 + 1?
-1210111200000
In base 2, what is 10000011111 - -110000000?
10110011111
In base 9, what is -4 + 1011673?
1011668
In base 8, what is -10 - -1214245?
1214235
In base 12, what is 1a966 - 2?
1a964
In base 4, what is -11 - -2202?
2131
In base 11, what is 257 - -50?
2a7
In base 6, what is 1033403 + -4?
1033355
In base 15, what is 2a99 + 3?
2a9c
In base 12, what is -2464 - -21?
-2443
In base 13, what is -8a3c8 + -1?
-8a3c9
In base 12, what is 4 - -7305?
7309
In base 13, what is 1 - 284?
-283
In base 16, what is -2 + -5b4d?
-5b4f
In base 8, what is 2105230 - 3?
2105225
In base 5, what is -3 + 44004312?
44004304
In base 8, what is 45 - -41566?
41633
In base 13, what is 68 + 592?
62a
In base 10, what is -5876 + -4?
-5880
In base 2, what is -101111110 - -1001001?
-100110101
In base 6, what is -12004053 - -10?
-12004043
In base 15, what is c81 - -2d?
cae
In base 9, what is -4426 + 4?
-4422
In base 5, what is -2 - 20031433?
-20031440
In base 15, what is -5e183 - 0?
-5e183
In base 15, what is -dac + -2?
-dae
In base 8, what is 53 - -1023?
1076
In base 16, what is 18 - -24d?
265
In base 9, what is 2 + 224805?
224807
In base 13, what is -809 + -81?
-88a
In base 9, what is -1 - -206273?
206272
In base 3, what is 12202120 + 10001?
12212121
In base 16, what is -4 + -16315?
-16319
In base 7, what is 3 + -225045?
-225042
In base 6, what is -11 + -13111112?
-13111123
In base 7, what is -233 - 244?
-510
In base 8, what is 131 + 53417?
53550
In base 16, what is -3f - 3dc5?
-3e04
In base 14, what is -8 + -22b02?
-22b0a
In base 3, what is -1111 - 2201002?
-2202120
In base 14, what is 11 - 19b8?
-19a7
In base 5, what is 10 + -402410?
-402400
In base 13, what is 44979a + -4?
449796
In base 16, what is 0 - -d9e6?
d9e6
In base 15, what is -1b067 - -c?
-1b05a
In base 8, what is 1243274 + -1?
1243273
In base 7, what is -125 + -14264?
-14422
In base 4, what is 2 + 12203303?
12203311
In base 2, what is -1 + -1111110000011001?
-1111110000011010
In base 8, what is 62600 - 0?
62600
In base 4, what is 13233221210 - -11?
13233221221
In base 5, what is 43004431 + -10?
43004421
In base 6, what is -23 + 3553?
3530
In base 10, what is -3 - -159495?
159492
In base 6, what is 3 + 1455105?
1455112
In base 13, what is -45418 + -2?
-4541a
In base 16, what is -59a7c - -3?
-59a79
In base 14, what is 349d62 - -1?
349d63
In base 10, what is -1 - 221?
-222
In base 12, what is -93b33 + -19?
-93b50
In base 6, what is -1000 + -30202?
-31202
In base 14, what is -3 + -53a63?
-53a66
In base 3, what is 1 - 212120102?
-212120101
In base 7, what is 126560030 + -4?
126560023
In base 6, what is -1 - 53121?
-53122
In base 7, what is -261 - -13?
-245
In base 3, what is 10 + -1022102002?
-1022101222
In base 9, what is 456101 + 3?
456104
In base 13, what is 331b - -4a?
3368
In base 6, what is -22002 + 2132?
-15430
In base 8, what is 1 + -4551?
-4550
In base 14, what is -6267 + 2?
-6265
In base 13, what is 3 - -11c59?
11c5c
In base 5, what is -303122 - 4?
-303131
In base 4, what is -110030031 + 30?
-110030001
In base 12, what is 5 + 36094b?
360954
In base 2, what is 1110001 + 1110101100010?
1110111010011
In base 7, what is 1554 - -4?
1561
In base 14, what is -c3 - d7a?
-105d
In base 9, what is 78 + -11752?
-11663
In base 14, what is 121 + -518?
-3d7
In base 4, what is 10 + 32211212?
32211222
In base 7, what is -151 - 4435?
-4616
In base 14, what is -21 + -2693b?
-2695c
In base 3, what is -101111 - 212?
-102100
In base 4, what is -1012023000 + -3?
-1012023003
In base 8, what is -300 - 165?
-465
In base 11, what is 3 - 2a2?
-29a
In base 11, what is -13997 + -8?
-139a4
In base 13, what is b + 3646?
3654
In base 10, what is -4331 + 7?
-4324
In base 2, what is 11100110 - 1010110?
10010000
In base 2, what is -10111110100 + -111101111?
-11111100011
In base 13, what is -524 + -15?
-539
In base 3, what is -12120222 - -10?
-12120212
In base 7, what is -551 - -60?
-461
In base 8, what is 1 + 2344?
2345
In base 11, what is -4 + -16067?
-16070
In base 14, what is 1d8 - -314?
50c
In base 15, what is 55 - 1342?
-12dc
In base 12, what is -2 + b6737?
b6735
In base 15, what is -3d546 + -b?
-3d552
In base 10, what is 217 + -41?
176
In base 14, what is 30490c + -5?
304907
In base 16, what is 725 + -4a?
6db
In base 15, what is -172 + 9a?
-c7
In base 4, what is 1321022 - 21?
1321001
In base 14, what is -18 + -14634?
-1464c
In base 15, what is 933 - b?
927
In base 13, what is 3 - 133b?
-1338
In base 10, what is -65 + 12698?
12633
In base 3, what is -10121010111200 + 12?
-10121010111111
In base 13, what is 72c9 + -1?
72c8
In base 13, what is -803 + -36?
-839
In base 7, what is -36005044 + -1?
-36005045
In base 15, what is 27ec + -2e?
27bd
In base 6, what is 4 + 121050?
121054
In base 11, what is 425288 - -4?
425291
In base 2, what is 101000110 + -11011000?
1101110
In base 8, what is 2161 + 225?
2406
In base 8, what is 300 + 2573?
3073
In base 3, what is -10012110 - -1202?
-10010201
In base 7, what is -5663103 - -4?
-5663066
In base 15, what is 5 - -8083?
8088
In base 13, what is -1936a4 + -4?
-1936a8
In base 11, what is 1963 - -8?
1970
In base 12, what is -63a + 16?
-624
In base 8, what is 1 - 604507?
-604506
In base 3, what is 1 + 212202200?
212202201
In base 13, what is -2 - -1ac71?
1ac6c
In base 12, what is -5212 + 6?
-5208
In base 14, what is 158 - -137?
291
In base 12, what is 2 + -a1b6?
-a1b4
In base 3, what is 1200 - -2001?
10201
In base 15, what is 2 - 141c4a?
-141c48
In base 7, what is -16 + -143055?
-143104
In base 10, what is 168876 - 6?
168870
In base 4, what is -131232 + 2302?
-122330
In base 5, what is -24212 - -1?
-24211
In base 2, what is 1000100001 - 100110101?
11101100
In base 2, what is -100010100000010001 - -11?
-100010100000001110
In base 3, what is -1002 - 200021?
-201100
In base 8, what is 3 - -264130?
264133
In base 4, what is -3 - -322002012?
322002003
In base 7, what is -234231 - -3?
-234225
In base 14, what is -5 - -5283?
527c
In base 14, what is 608b + 23?
60b0
In base 11, what is 1a8 + 1a7?
3a4
In base 6, what is -12424054 + -3?
-12424101
In base 12, what is 673b - -4?
6743
In base 16, what is -5 + f5e4?
f5df
In base 16, what is 3c426 - 2?
3c424
In base 11, what is 62743 + 1?
62744
In base 6, what is -402324 + -1?
-402325
In base 3, what is -10 - -211001001022?
211001001012
In base 11, what is -43097 - -14?
-43083
In base 10, what is -1266 - 5?
-1271
In base 7, what is 114 + -422641?
-422524
In base 5, what is -123041 - 2?
-123043
In base 9, what is 4871013 + -5?
4871007
In base 4, what is 1101223011 - 13?
1101222332
In base 14, what is 12 + 10c?
120
In base 2, what is -110111111 + -100?
-111000011
In base 15, what is 3c + -aa?
-6d
In base 3, what is 22220201 - -112?
22221020
In base 14, what is -a29 + -24?
-a4d
In base 10, what is 1 + -2866?
-2865
In base 10, what is 2710 + -165?
2545
In base 4, what is 1200233010 - -23?
1200233033
In base 10, what is -21319 + 3?
-21316
In base 4, what is 1003 + 311111?
312120
In base 11, what is 232 + -962?
-730
In base 14, what is -5c46 - 4?
-5c4a
In base 7, what is 52 + 11511?
11563
In base 10, what is 466 - -2867?
3333
In base 8, what is -221137 + -15?
-221154
In base 7, what is -4 + 1412655?
1412651
In base 9, what is 3 + -2041?
-2037
In base 7, what is 211434 + 105?
211542
In base 4, what is 3201 - -1131?
10332
In base 6, what is -321314 - -3?
-321311
In base 15, what is 429 - a0d?
-5d4
In base 4, what is -11 + -31233322?
-31233333
In base 13, what is 6cb6 - 0?
6cb6
In base 10, what is 3 + 171898?
171901
In base 7, what is -105 + -1422?
-1530
In base 2, what is -100111000101 - 1110?
-100111010011
In base 7, what is -414 - -1412?
665
In base 7, what is 5 + -11640301?
-11640263
In base 4, what is -